et w = 683 + -394. Let l = w + -236. Calculate the remainder when 105 is divided by l.
52
Let d be (-9)/4*(-15)/(225/(-560)). Let k = -76 - d. Let m = 24 - 6. What is the remainder when m is divided by k?
2
Let v(n) = 36*n**3 - n**2 - 2*n + 2. Suppose -31*u + 19 + 12 = 0. Calculate the remainder when v(u) is divided by 24.
11
Let j = -3762 - -3771. What is the remainder when 124 is divided by j?
7
Let l(i) be the first derivative of -i**4/4 + 5*i**3 - i**2 + 42*i - 29. Calculate the remainder when 130 is divided by l(15).
10
Let k = 8918 + -5859. What is the remainder when k is divided by 255?
254
Let y = 6570 + -5941. Calculate the remainder when 632 is divided by y.
3
Suppose 0 = -16*w + 11837 + 4403. Calculate the remainder when w is divided by 41.
31
What is the remainder when (20514/(-9))/(-13 - (-266)/21) is divided by 2276?
10
Let i(m) = 14*m + 1436. What is the remainder when 3120 is divided by i(-47)?
8
Suppose -5*b - 5*s + 2*s + 400 = 0, s = b - 80. Let i be 9/(-24) + (-450)/b. Calculate the remainder when 25 is divided by (-2 - -16)/(i/(-3)).
4
Let m(n) = -n**3 - 34*n**2 + 38*n + 217. Calculate the remainder when 454 is divided by m(-35).
6
Let b(c) = -37*c**3 - 589*c**2 + 53*c + 100. Calculate the remainder when b(-16) is divided by (7*-1)/(-1*1).
6
Suppose -4*g = -6*d + 27096, 2*d + 6*g = 11*g + 9054. What is the remainder when d is divided by 129?
126
Let m(h) = 11*h**2 + 2. Suppose -29*b + 26*b - 2*g + 68 = 0, -5*b = -2*g - 60. Calculate the remainder when m(2) is divided by b.
14
Let r be (4/(-5))/(2/(-10)). Suppose -2*q = r*q - 30. Suppose -4*u + 132 = -g + 50, -3*u + 3*g = -48. What is the remainder when u is divided by q?
2
Let g(b) = -20*b**2 + 168*b + 10. Calculate the remainder when 139 is divided by g(8).
65
Suppose 25*i + 45 = -5. Suppose s + 0*s - 45 = 0. Calculate the remainder when (177/i)/(13/(-26)) is divided by s.
42
Let x(d) = -d**2 + 9*d - 4. Suppose 0*c - 297 = -11*c. Suppose -22*y = -c*y + 295. Calculate the remainder when y is divided by x(7).
9
Suppose 5*h + 20 = b, 2*b + b + 4*h = -35. What is the remainder when 119 is divided by (104/(-2))/4*b?
54
Suppose -5*p + 5*z + 539 = 209, -2*p + 5*z + 132 = 0. Let t = 71 - p. Suppose -t - 13 = -2*i. Calculate the remainder when 32 is divided by i.
5
Suppose 0 = -5*r - 25, -11 + 4 = f + 2*r. Suppose 0 = 2*j + 3*x - 11, -3*j - 2*x = f*x - 15. Let d = 132 - 83. Calculate the remainder when d is divided by j.
9
Let h(z) = -z**3 - 77*z**2 + 674*z - 337. What is the remainder when 653 is divided by h(-85)?
134
Let p(q) = -q**3 - 41*q**2 - 244*q - 236. Calculate the remainder when p(-35) is divided by 4.
2
Let k(o) = 4*o**3 - 2*o**2 + 31*o - 324. What is the remainder when k(8) is divided by 71?
69
Let u(t) = 0 - 68 - 38*t - 5*t. What is the remainder when u(-6) is divided by 16?
14
Let m = -34 + 39. Suppose -5*y = -110 - m. Let v(f) = 17*f + 15. Calculate the remainder when v(3) is divided by y.
20
Suppose 3*h + 1332 = 5*o - 5731, -3*h + 9845 = 7*o. What is the remainder when o is divided by 66?
23
What is the remainder when 154 is divided by ((-234)/(-27))/((-20)/(-30))?
11
Suppose 1 = -c + 5*f + 17, -8*c + 5*f + 93 = 0. Let v = 11 + 9. Calculate the remainder when v is divided by c.
9
Let x(f) = f**2 - 265*f - 5357. Calculate the remainder when 1975 is divided by x(-19).
25
Let m(s) = s**3 - 5*s**2 + s + 3. Let v be m(4). Calculate the remainder when 6 - (-4)/((-2)/(-1)) is divided by 2 - ((-3)/v)/((-3)/9).
2
Let r(i) = i**3 - 17*i**2 - i + 32. Let f be r(17). Suppose 144 = c - 2*s, -14*c - 150 = -f*c + 5*s. Calculate the remainder when c is divided by 47.
46
Let h = -71 + 29. Suppose -1262*i + 243 = -1253*i. What is the remainder when i is divided by (-1)/(h/39 - -1)?
1
Suppose 5*s - 30 = 0, -4*a + 3*s = -5232 - 534. Calculate the remainder when a is divided by 23.
20
Let j(p) = 7*p**2 + 3*p - 3. Let i be j(1). Suppose -y = 0, i = a - 4*y + 4. Let w = a + 19. Calculate the remainder when 40 is divided by w.
18
Let s(f) = 2*f**2 - 18*f - 34. Suppose 116*o - 119*o + 2452 = v, o - 822 = -5*v. What is the remainder when o is divided by s(-2)?
7
Let f(p) = 2*p**3 - 69*p**2 + 30*p - 34. Let n be f(34). Let y = n + 505. What is the remainder when y is divided by 56?
55
Let w = -31 + 47. Let j = 11 + 56. Let l = -25 + j. What is the remainder when l is divided by w?
10
Calculate the remainder when 858 is divided by (22 + -19)*592/6 - (8 - 1).
280
What is the remainder when 9114/2 + (20 - 16) - 60/30 is divided by 2275?
9
Suppose -272 = -5*u + 2*u + 5*f, -198 = -2*u - 5*f. What is the remainder when u is divided by 51?
43
Suppose -15*j = -6*j - 3096. Let v = j - 253. What is the remainder when v is divided by 19?
15
Let h be (-3153)/(-39) + (-14)/(-91). Suppose 3*m + 12 - h = 0. What is the remainder when 73 is divided by m?
4
Suppose 5*w = -2*r + 45, -4 = -r + 1. Let b(f) = -f**3 - 2 + 31*f - f**2 + w - 32*f. Calculate the remainder when 12 is divided by b(0).
2
Let z be (-4 + (0 - (-132)/16))*8. Suppose -120 = 28*x - z*x. What is the remainder when 297 is divided by x?
17
Suppose -100 = -2*l + 70. Suppose d - 259 = 2*g, 18*g - 16 = 22*g. What is the remainder when d is divided by l?
81
Suppose 79 = 115*i - 112*i - 2*r, 0 = -2*i - 2*r + 36. Let g(f) = -f**2 + 17*f - 12. What is the remainder when i is divided by g(16)?
3
Suppose 0 = 5*p - 4*g - 105, 0 = 7*p - 10*p + 2*g + 63. Suppose 8*z - 4*z = 156. Calculate the remainder when z is divided by p.
18
Let j = -73 + 116. Let b = 279 - 268. Calculate the remainder when j is divided by b.
10
Calculate the remainder when 11*(-10 + (0 - -14)) is divided by 4.
0
Let v(d) = d**2 - 25. Suppose 21*s = 16*s - 30. What is the remainder when 48 is divided by v(s)?
4
Let f(r) = -35*r + 1426. What is the remainder when f(13) is divided by 41?
28
Let g(m) = 2*m**3 - 68*m**2 - 99*m + 1072. What is the remainder when 205 is divided by g(35)?
34
Suppose -80*z - 518 = -87*z. What is the remainder when 2737 is divided by z?
73
Let s = -637 - -408. Let l = s - -375. What is the remainder when l is divided by 39?
29
Suppose 3 = -3*t + 12. Let b(y) = 5*y**2 - 2*y + 2. Calculate the remainder when b(t) is divided by (-2)/(((-2)/(-3))/(406/(-174))).
6
Let d = 128 - 124. Suppose -d*b = 2*r + 2*r - 36, -5*b = -3*r - 5. Calculate the remainder when 71 is divided by (-36)/1*b/(-8).
17
Suppose -258 = -3*o + s, 5*o - 2*s = 592 - 164. Calculate the remainder when 1837 is divided by o.
77
Let i(o) = -10*o - 285. Let s be (-48)/27 + (-8)/36. What is the remainder when i(-30) is divided by ((-48)/(-20))/(s + (-12)/(-5))?
3
Suppose -5*a + a - 15 = -3*j, -5*j - 3*a - 4 = 0. Let s be j/(((-1)/3)/((-7)/(-21))). Calculate the remainder when 16 is divided by (s - 0) + -1 + (-36)/(-6).
0
What is the remainder when (14*6/(-12))/3*-291 is divided by 22?
19
Let x(o) = -o**3 - 9*o**2 + 7*o + 14. Let s(v) = -v**3 - 8*v**2 + 7*v + 14. Let z(j) = 3*s(j) - 2*x(j). Calculate the remainder when 81 is divided by z(-7).
11
Suppose 25*q + 13703 - 16253 = 0. Calculate the remainder when 178 is divided by q.
76
Let k(j) = -j**3 - 11*j**2 - j + 10. Suppose -6*u + 43 = -11. Suppose l + u = -2. Calculate the remainder when 103 is divided by k(l).
19
Let b = 3692 + -3215. Let a(p) = -p**3 - 4*p**2 + p - 4. What is the remainder when b is divided by a(-5)?
13
Suppose -c - 48*g + 49*g + 1164 = 0, 2*g = 3*c - 3500. Calculate the remainder when c is divided by 154.
94
Let c(z) be the first derivative of -z**3/3 + 47*z**2/2 - 163*z - 69. What is the remainder when 48 is divided by c(43)?
3
Suppose 63 = 10*r - 77. What is the remainder when 19 is divided by (50 + -53)*r/(-6)?
5
Suppose 59*m - 552771 - 569682 + 28534 = 0. What is the remainder when m is divided by 16?
13
Suppose -4*m - 93 = -321. Let j be 176/6*69/46. Let p = m - j. Calculate the remainder when p is divided by 10.
3
Let b(l) = -l**2 + 11*l + 9. Let p be b(11). Suppose 2*c - 95 - 85 = 0. Suppose 0*x + c = p*x. Calculate the remainder when x is divided by 3.
1
Suppose 204*a - 732 = 192*a. What is the remainder when 2254 is divided by a?
58
Let p = -105 + 166. Let v = p - 34. What is the remainder when ((-3948)/35)/(2/20*-6) is divided by v?
26
Let f(p) = -p**3 - 8*p**2 + 22*p + 208. Let r be (2 - 94)*1/(-2). Let g = 69 - r. 